 + 15128 = 11*l - 4*p. What is the hundreds digit of l?
1
Suppose 167*s - 175*s + 144 = 0. Suppose 17778 = s*r - 2166. What is the units digit of r?
8
Let l(c) = -28 + 2 + 6*c + 6 - 11. Let j be l(6). What is the units digit of (-5)/j - -2 - -65?
6
Let g(h) be the first derivative of -235*h**2/2 - 19*h - 17. What is the hundreds digit of g(-5)?
1
Let l(x) = x**3 + 15*x**2 + 14*x - 10. Let y = 21 - 35. Let p be l(y). What is the units digit of ((-44)/p)/((-1)/(-5))?
2
Let n(p) = 1213*p - 2725. What is the thousands digit of n(9)?
8
Suppose 0 = -2*i - 19*i - 4851. Let b = 297 + i. What is the tens digit of b?
6
Let y(w) = -292*w**2 + 2*w - 3. Let v(u) = 293*u**2 - 2*u + 4. Let q(h) = -5*v(h) - 6*y(h). What is the hundreds digit of q(-2)?
1
Let s be (3 + -5 + 0)*-1 - -1180. Suppose -3*z = -3*k - s, 3*z + 2*z + 4*k - 1979 = 0. What is the tens digit of z?
9
Let i(h) = -91*h + 132. Let s(t) = -46*t + 69. Let q(v) = -3*i(v) + 5*s(v). What is the tens digit of q(21)?
5
Let c = 237 + -583. Let v = c - -376. What is the tens digit of v?
3
Let y(r) = 2*r**2 + 22*r + 1024. What is the thousands digit of y(-40)?
3
Suppose 4*m - 12 = -t, 4 = -5*t + 7*t - 2*m. Let n be (t/10)/((-12)/(-60)). Suppose -3 = -n*z + 7. What is the units digit of z?
5
Let u(n) = n**3 - 16*n**2 - 36*n + 30. Let q be u(18). Let a = 118 - q. What is the tens digit of a?
8
Let k(o) = o**3 + 21*o**2 + 30*o - 7. Suppose 0 = d - 8*d - 126. What is the units digit of k(d)?
5
Suppose 0 = -4*c - x + 281079, 19*x = -5*c + 21*x + 351326. What is the thousands digit of c?
0
Suppose 5*g - 17125 = 42*b - 45*b, -2*g - 3*b + 6850 = 0. Let u = g + -1864. What is the hundreds digit of u?
5
Let l be (-8)/(-56) + 306/14. What is the tens digit of 0/3 - -27 - (-28 + l)?
3
Let h(m) = m**3 + m**2 + 2*m + 1. Let p be h(-7). Let y = p - -768. What is the units digit of y?
1
Suppose -409*b + 13740 = -415*b. Let m = -1600 - b. What is the tens digit of m?
9
Suppose -3*x - 3*n = -2*x - 584, -5*x - 4*n = -2942. Let g = x + -322. What is the units digit of g?
8
Let j = 89 + -88. Let u be (22/(-4))/(((-8)/(-16))/j). What is the tens digit of (-2)/u - 56/44*-212?
7
Let g(k) be the second derivative of 56*k**3/3 - 74*k**2 + 4*k - 11. What is the tens digit of g(6)?
2
Let a(y) = 1839*y**2 + 49*y - 49. What is the units digit of a(1)?
9
Let c = 3453 + -2793. What is the tens digit of c?
6
Suppose 19*v + 154 = 26*v. Suppose 39*q = -v*q + 74237. What is the units digit of q?
7
Let m(j) = 84*j + 105*j - 1420 + 1079. What is the hundreds digit of m(5)?
6
Let a be (-5)/25 - 230/(-25). Let s(p) = p**3 - a*p**2 - 6 - 7 + 7 - 7*p. What is the units digit of s(10)?
4
Suppose -4*i - 112 = 2*q, 108 = -4*i - 2*q + q. Let y(l) = -l**2 - 58*l + 62. What is the tens digit of y(i)?
9
Suppose 4*q - 5848 = -v + 38738, -3*v = q - 133681. What is the units digit of v?
8
Let z(j) = 2. Let r(c) = c - 33. Let w(x) = -r(x) - 5*z(x). What is the tens digit of w(-2)?
2
What is the tens digit of (-12 - 114)*(-5)/((-60)/(-112))?
7
Let b = 220 - 219. What is the thousands digit of (4 - 2)*(1 + b + 914)?
1
Let w be 8943/27 + 4/(-18). Let f be 3 - -3*5/(-15). Suppose v - 2*o = -2*v + 197, 5*v = f*o + w. What is the tens digit of v?
6
Suppose -5170*p - 38900 = -5180*p. What is the tens digit of p?
9
Suppose 8*f - 3*f = s + 322, 4*s - 142 = -2*f. Let p(n) = -n**2 - 13*n - 37. Let v be p(-6). Suppose -v*i + 4*i = -f. What is the tens digit of i?
6
Suppose p = 2, a + 3*p - 78 = p. Suppose 188*c - 46 = 186*c - 2*h, -5*c + 115 = -5*h. Suppose -r + a + c = 0. What is the tens digit of r?
9
Suppose 4*h - 4*r = 27772, 32*h - 37*h - 2*r + 34708 = 0. What is the thousands digit of h?
6
Let h(r) be the third derivative of r**4/24 + 8*r**3 + 20*r**2 + r. What is the units digit of h(-7)?
1
Let x(l) = 4*l**3 + 8*l**2 + 38*l - 62. What is the thousands digit of x(8)?
2
Let q(v) = 15*v**2 + 2*v + 18. Let z = -60 - -57. What is the hundreds digit of q(z)?
1
Suppose -2*y + 41860 = 150*c - 148*c, 0 = -2*c - 4*y + 41874. What is the hundreds digit of c?
9
Let i(a) = a - 1. Let f(w) = -w**2 - 2*w - 1. Let r(s) = -f(s) - i(s). Let q be r(-5). Suppose -q + 6 = 4*o, -189 = -3*y + 3*o. What is the tens digit of y?
5
Let g(t) = -3*t**2 + 27*t + 6. Let j(p) = 2*p. Let w(f) = -g(f) + 2*j(f). What is the hundreds digit of w(-13)?
8
Let u be (370/(-15))/(4/6). Let l = -34 - u. Let o(c) = 7*c**2 - 5*c + 5. What is the units digit of o(l)?
3
Suppose 2*t + 2*t = -8, 5*f = 2*t + 224. Let a = f + -8. Suppose q - a = -0*q. What is the tens digit of q?
3
Let j(a) = a + 33. Let m be j(-15). Let i = -9 + m. Suppose -i*l + 587 - 137 = 0. What is the tens digit of l?
5
Let a be 6/1*-4*1/(-6). Suppose -4*o + 4*b + 4 = 0, b = 3*o + a*b - 15. What is the tens digit of 75 - ((4 - 1) + (-12)/o)?
7
Let h = -23 + 27. Let p(a) = -a**2 + 3*a + 4. Let t be p(h). Suppose t*d - 567 = -9*d. What is the tens digit of d?
6
Suppose -4*c = 10*c - 53424. Suppose 3*s + 1300 - c = -4*h, 25 = 5*h. What is the tens digit of s?
3
Let v = 1578 + -588. Suppose -5*c + v = 4*t, 5*c + 0*c = -5*t + 1235. What is the hundreds digit of t?
2
Let p(t) = -143*t - 5. Suppose 0*x + 18 = x - 5*o, -5*o = x + 12. Suppose s - 2 = x*s. What is the tens digit of p(s)?
3
Let p = -232 - -449. Let g = p + 230. What is the units digit of g?
7
Suppose -12*v + 790 = -17*v. Let i = 544 + v. What is the tens digit of i?
8
Let c be (8 + -12)/((-2)/1). Suppose 6*g - c*g = 5*j - 750, -4*g = 0. What is the tens digit of j?
5
Suppose 5*j + 112*k = 113*k + 909, -5*j + 905 = -5*k. Suppose j*v = 164*v + 26460. What is the units digit of v?
0
What is the units digit of (21552/60)/1*(1 + 19)?
4
Suppose 0 = 6*z + 1355 - 8231. Let j = z + -681. What is the tens digit of j?
6
Let a be (((-180)/8)/5)/((-3)/(-54)). Suppose 2*t - 10*t + 2784 = 0. Let o = t + a. What is the hundreds digit of o?
2
Suppose 0 = -j + 3*j - 16. Let s be (-6)/2 + j + 0. Suppose 2*f = -s*m + 91, f - 38 = -0*m - m. What is the tens digit of f?
3
Let h = 380 - 740. Let n = h + 520. What is the tens digit of n?
6
What is the thousands digit of ((72495/12)/1)/(1*3/8)?
6
Let n = 30516 + -18435. What is the thousands digit of n?
2
Let v = 20863 - 10311. What is the units digit of v?
2
Let j(p) = -p - 6. Let n be j(3). What is the hundreds digit of 2/(-12)*n*274?
4
Suppose -5*r = a - 613931, 1178734 = 2*a + 5*r - 49138. What is the thousands digit of a/407 - 3*(-4)/22?
1
Suppose -4*f + 102 = -3*f. Suppose 34 = r - f. Suppose 4*z - 64 = -2*o, 0 = 5*o - 0*z - 2*z - r. What is the units digit of o?
8
Suppose 0 = -5*b + 5*s + 204640, -4*b + 29530 = 4*s - 134110. What is the hundreds digit of b?
9
Let d = -1908 + 7970. Suppose 5*f + d = 5*x - 2*x, 2*f - 6097 = -3*x. What is the hundreds digit of x?
0
Let n(d) = 4*d - 42 + 78 - 44 + 3*d + 1114*d**2. What is the thousands digit of n(1)?
1
Suppose 59*y = 50*y + 63. Suppose 0 = -3*m + 10*j - y*j + 438, -2*j + 723 = 5*m. What is the hundreds digit of m?
1
Let c = 737 + -733. Suppose 4*s + 5*d = 1237, c*s - 2*d = 505 + 697. What is the tens digit of s?
0
Let k = -34418 - -67798. What is the units digit of k?
0
Let j be (-9)/(5 - 347/70). What is the tens digit of (9/(-27))/(1/j)?
7
Suppose 37347 = 40*v + 19*v - 160067. What is the tens digit of v?
4
Suppose -5*p - 4*z + 431449 = 0, -57*z = -61*z + 24. What is the thousands digit of p?
6
Let a = -25 + 27. Suppose -a*b = 2*l - 3092, 3931 = 3*b + 5*l - 711. What is the tens digit of b?
4
Let m(x) = -1366*x - 216. Let h be m(-14). Suppose 7*n + 22*n = h. What is the tens digit of n?
5
Let q(w) be the first derivative of -13*w**3/6 - 12*w**2 - 38*w + 35. Let s(g) be the first derivative of q(g). What is the tens digit of s(-8)?
8
Let l = 8433 - -1071. What is the thousands digit of l?
9
Let l = 1715 + -698. Let q = l + -467. What is the hundreds digit of q?
5
Let p = -7200 - -12529. What is the units digit of p?
9
Suppose 4*c + 22149 = d, 194*d + 4*c = 196*d - 44314. What is the units digit of d?
5
What is the thousands digit of (-182240)/(-72) - 23/207?
2
Suppose 10324 = -35*i + 104. Let x = i - -1190. What is the hundreds digit of x?
8
Let y(u) = 238*u**3 - 4*u**2 - 3*u. Let n be y(-1). Let a = -354 - n. Let w = 3 - a. What is the tens digit of w?
1
Let l = -17408 + 29935. What is the ten th